he remainder when 3094457 is divided by 469.
464
What is the remainder when 2442757 is divided by 12?
1
Calculate the remainder when 756702 is divided by 189170.
22
What is the remainder when 5087411 is divided by 975?
836
What is the remainder when 31576 is divided by 277?
275
What is the remainder when 1045579 is divided by 522786?
7
Calculate the remainder when 321290037 is divided by 149.
145
What is the remainder when 28391877 is divided by 785?
782
What is the remainder when 25974902 is divided by 434?
2
What is the remainder when 14180082 is divided by 94?
88
Calculate the remainder when 58795390 is divided by 461.
372
Calculate the remainder when 8762929 is divided by 290.
289
What is the remainder when 30922978 is divided by 165?
163
Calculate the remainder when 5311 is divided by 557.
298
Calculate the remainder when 266730 is divided by 153.
51
What is the remainder when 1878402 is divided by 69?
15
What is the remainder when 16478223 is divided by 668?
667
What is the remainder when 28850823 is divided by 1871?
3
Calculate the remainder when 249698 is divided by 1951.
1921
Calculate the remainder when 333172 is divided by 984.
580
Calculate the remainder when 541575 is divided by 6686.
9
What is the remainder when 625655 is divided by 208547?
14
Calculate the remainder when 1576514 is divided by 398.
36
Calculate the remainder when 297963 is divided by 58427.
5828
Calculate the remainder when 481843 is divided by 358.
333
What is the remainder when 315143 is divided by 24158?
1089
Calculate the remainder when 1115049 is divided by 2043.
1614
What is the remainder when 2167355 is divided by 692?
11
Calculate the remainder when 472643 is divided by 844.
3
Calculate the remainder when 55549 is divided by 424.
5
Calculate the remainder when 17329241 is divided by 216.
209
Calculate the remainder when 91345362 is divided by 6524668.
10
What is the remainder when 321370 is divided by 221?
36
What is the remainder when 83641255 is divided by 53?
47
What is the remainder when 1858412 is divided by 167?
36
What is the remainder when 235989878 is divided by 28?
26
Calculate the remainder when 731797 is divided by 1577.
69
What is the remainder when 6983139 is divided by 10?
9
Calculate the remainder when 123504 is divided by 123344.
160
Calculate the remainder when 118294 is divided by 1219.
51
Calculate the remainder when 45248 is divided by 4920.
968
What is the remainder when 313417 is divided by 43595?
8252
Calculate the remainder when 18321668 is divided by 199146.
236
Calculate the remainder when 570892 is divided by 2812.
56
What is the remainder when 302935 is divided by 37845?
175
What is the remainder when 3118517 is divided by 5775?
17
What is the remainder when 3542163 is divided by 22?
9
Calculate the remainder when 157715 is divided by 4910.
595
What is the remainder when 8157 is divided by 4027?
103
What is the remainder when 6014493 is divided by 609?
9
Calculate the remainder when 121934829 is divided by 7881.
7878
What is the remainder when 3884897 is divided by 10?
7
Calculate the remainder when 92520 is divided by 5439.
57
Calculate the remainder when 236302 is divided by 295.
7
Calculate the remainder when 1616479 is divided by 1288.
39
Calculate the remainder when 3316997 is divided by 1105505.
482
What is the remainder when 5328689 is divided by 213145?
64
What is the remainder when 329207 is divided by 129?
128
What is the remainder when 68618 is divided by 33930?
758
What is the remainder when 20040795 is divided by 200?
195
Calculate the remainder when 11354462 is divided by 2838554.
246
What is the remainder when 232027 is divided by 406?
201
What is the remainder when 5075 is divided by 34?
9
What is the remainder when 23860768 is divided by 95?
93
What is the remainder when 8114264 is divided by 432?
8
What is the remainder when 507374 is divided by 7680?
494
What is the remainder when 18988 is divided by 1714?
134
What is the remainder when 148656022 is divided by 9?
7
What is the remainder when 25214547 is divided by 2188?
35
Calculate the remainder when 106726222 is divided by 528.
526
Calculate the remainder when 13931771 is divided by 13.
9
What is the remainder when 49330564 is divided by 6322?
6320
Calculate the remainder when 1023191 is divided by 1837.
1819
Calculate the remainder when 696507 is divided by 8611.
7627
Calculate the remainder when 12658589 is divided by 16.
13
What is the remainder when 921179 is divided by 153518?
71
What is the remainder when 8179671 is divided by 1324?
1323
What is the remainder when 2236229 is divided by 223606?
169
What is the remainder when 6012995 is divided by 3592?
3579
What is the remainder when 1046997 is divided by 1374?
9
What is the remainder when 119784439 is divided by 12?
7
Calculate the remainder when 32429546 is divided by 1077.
1076
Calculate the remainder when 19541207 is divided by 787.
784
Calculate the remainder when 416909 is divided by 471.
74
Calculate the remainder when 93754 is divided by 23393.
182
Calculate the remainder when 44200 is divided by 21905.
390
Calculate the remainder when 357844448 is divided by 84.
80
Calculate the remainder when 645838 is divided by 536.
494
Calculate the remainder when 26400834 is divided by 85.
4
What is the remainder when 995793 is divided by 3036?
3021
Calculate the remainder when 215413 is divided by 23918.
151
Calculate the remainder when 1781992 is divided by 6296.
224
Calculate the remainder when 41806 is divided by 959.
569
Calculate the remainder when 255371474 is divided by 12160546.
8
Calculate the remainder when 50040 is divided by 965.
825
What is the remainder when 33988817 is divided by 217877?
5
Calculate the remainder when 26187929 is divided by 1927.
1926
What is the remainder when 7826966 is divided by 300?
266
Calculate the remainder when 9976102 is divided by 178144.
38
What is the remainder when 104430 is divided by 3314?
1696
What is the remainder when 542382 is divided by 7344?
6270
What is the remainder when 72191 is divided by 46?
17
What is the remainder when 3248567 is divided by 41?
14
What is the remainder when 5516167 is divided by 1103233?
2
What is the remainder when 80027 is divided by 742?
633
What is the remainder when 96662 is divided by 1506?
278
What is the remainder when 40276110 is divided by 629314?
14
Calculate the remainder when 20734 is divided by 6787.
373
What is the remainder when 4622 is divided by 2193?
236
What is the remainder when 12094924 is divided by 2418983?
9
What is the remainder when 11516510 is divided by 47393?
11
Calculate the remainder when 2262792 is divided by 481.
168
Calculate the remainder when 1354757 is divided by 3827.
3826
Calculate the remainder when 463160 is divided by 811.
79
What is the remainder when 429021 is divided by 1763?
612
Calculate the remainder when 1418802 is divided by 2739.
0
Calculate the remainder when 2081850 is divided by 2079874.
1976
What is the remainder when 1007167740 is divided by 691?
690
What is the remainder when 702277 is divided by 58497?
313
What is the remainder when 9576313 is divided by 1849?
342
Calculate the remainder when 1306904 is divided by 222.
212
What is the remainder when 12604984 is divided by 743?
732
What is the remainder when 528379 is divided by 303?
250
Calculate the remainder when 710486 is divided by 142094.
16
What is the remainder when 3802830 is divided by 950703?
18
Calculate the remainder when 378762 is divided by 36.
6
Calculate the remainder when 1297009 is divided by 648486.
37
What is the remainder when 3460937 is divided by 3265?
37
What is the remainder when 519772514 is divided by 18?
14
Calculate the remainder when 198081 is divided by 314.
261
What is the remainder when 301361 is divided by 5479?
16
What is the remainder when 2560134 is divided by 319998?
150
Calculate the remainder when 2570405 is divided by 507.
422
What is the remainder when 162494 is divided by 6495?
119
What is the remainder when 502411 is divided by 4861?
1728
Calculate the remainder when 612314 is divided by 84.
38
What is the remainder when 2184598 is divided by 2209?
2106
What is the remainder when 560882 is divided by 56082?
62
What is the remainder when 782986 is divided by 31318?
36
Cal